 - 1100. List the prime factors of w.
2, 17
Suppose -3*i + 95571 = -364*x + 361*x, 4*i + 4*x - 127452 = 0. What are the prime factors of i?
2, 3, 5, 59
What are the prime factors of 9 - ((28/14)/1)/((-2)/5998)?
6007
Suppose 3*i + 9*s = 4*s + 136, -44 = -i - 2*s. Let o = i + -50. What are the prime factors of o/(-10) + 455/25?
2, 3
Let k(x) = x**3 + 27*x**2 + 46*x + 44. Let b be k(-25). Let r = b - 104. List the prime factors of r.
2, 5
Suppose 15*a - 15045 = 13605. Suppose -5*q = b - 2382, 4*q - a = 4*b - 7*b. List the prime factors of q.
2, 7, 17
Let z = 18059 + -10701. What are the prime factors of z?
2, 13, 283
Let w(k) = -k**2 + 10*k - 11. Let n be w(8). Suppose 2*x - 79 = 5*u, n*x + 2*u = 3*u + 140. Suppose -23*c = -x*c + 184. What are the prime factors of c?
2, 23
Let r = -1 - -8. Let s(f) = 47*f**2 + 31*f - 35. Let k(c) = -34*c**2 - 21*c + 23. Let u(p) = -7*k(p) - 5*s(p). What are the prime factors of u(r)?
3, 5, 7
Let l(s) = 753*s + 49. Let r be l(10). Suppose 3*p = -10*p + r. List the prime factors of p.
11, 53
Let g be 1*125/(-10)*-182. Suppose -h + 713 - 140 = 4*n, -n - g = -4*h. What are the prime factors of h?
569
Let r = -41 - -38. Let x be 1 + 237/6 - r/(-6). Let g = x - 17. What are the prime factors of g?
23
Let g(a) = -2192*a**2 + 10*a - 20. Let l be g(2). List the prime factors of (-3 - 84/(-16))/((-12)/l).
2, 3, 137
Let l = -398 + 170. Let n = 517 - l. What are the prime factors of n?
5, 149
Suppose 6 = l + 2*l. Suppose -5*d + 1700 = 5*a, -l*d = 4*a - 675 - 695. List the prime factors of a.
3, 5, 23
Let z = -216 + 332. Suppose 6*r = -0*r - 186. Let c = r + z. List the prime factors of c.
5, 17
Let h = 61 - 61. Suppose u + 2893 = 2*d + 4*u, -2*d - u + 2883 = h. What are the prime factors of d?
1439
Suppose -2*t + 18 = 2*c, -3*c + 57 = -t + 46. Suppose 5428 + 1296 = t*q. List the prime factors of q.
41
Let u(j) be the third derivative of 7*j**6/360 + j**5/40 - 2*j**4/3 - 9*j**2. Let p(x) be the second derivative of u(x). List the prime factors of p(8).
5, 23
Suppose j + 4*f = 1112, 3306 = -5*j + 8*j + 2*f. List the prime factors of j.
2, 5, 11
Suppose 3*w + 2*z - 109647 - 19061 = 0, -3*w + 3*z = -128673. List the prime factors of w.
2, 89, 241
Suppose -5*z + 455 = 85. Suppose z = -21*j + 22*j. What are the prime factors of j?
2, 37
Suppose -11*a + 5*a + 234 = 0. Suppose 11638 = -17*x + a*x. What are the prime factors of x?
23
Let f be 217 + (1 + 0)*-2. Let b(t) = 2*t**2 + 35*t + 46. Let j be b(-16). List the prime factors of j/(50/(-15))*f.
3, 43
Suppose -127*s = -151*s + 76416. List the prime factors of s.
2, 199
Let s = 357 - 353. Suppose 16 + s = 4*l, 3*o - 2*l = 3143. List the prime factors of o.
1051
Suppose 4*t + 515 = -3*n, -2 = -4*t - 22. List the prime factors of 1602/8 + n/132.
199
Suppose -3*f + 3*u = f - 39, -2*f + 14 = 4*u. What are the prime factors of 2 - -1 - (f - 29)?
23
Let z(p) = 12*p + 172. Let n be z(-11). Suppose 3266 = 4*x + 2*c, 44*x + c = n*x + 3271. What are the prime factors of x?
3, 7, 13
What are the prime factors of (((-34)/6)/(-1))/(2/2004)?
2, 17, 167
Let m = 1 + 5. Suppose 0 = 3*f - m*f + 1368. What are the prime factors of f?
2, 3, 19
Let b be 0 + 168/(0 + 2). Suppose 102 = -3*x - s, -2*x - 5*s - 22 = 33. What are the prime factors of x/(-2)*144/b?
2, 3, 5
Suppose 90 = -s + 4*s. Let l(b) = 2*b**2 - 30. Let h be l(0). List the prime factors of 2666/s - 4/h.
89
Let x(l) = 2*l**3 + 3*l + 1. Let o(p) = -p**2 - 6*p + 3. Let i be -12*(3/(-6) + 1). Let k be o(i). List the prime factors of x(k).
2
Suppose -2*g = 4*m + 38, -g = 2*g + 3. Let f(z) = 2*z + 16. Let h be f(m). List the prime factors of ((-51)/9)/((h - 1)/9).
17
Let u(h) = -h**2 + 15*h - 60. Let a be u(6). Let n(f) = 9*f**2 + 18*f + 75. What are the prime factors of n(a)?
3, 97
Let o be ((-2514)/10)/((-2)/10). Suppose -o = -2*t + 3*f, 4*t - 2*f - 863 - 1663 = 0. What are the prime factors of t?
3, 211
Let w(y) = -134*y + 271*y - 132*y - 23 + 13*y**2. List the prime factors of w(-7).
3, 193
Suppose 2*h + 2*h = 12. Suppose -3*p - 13 = 3*s + 2*s, -5*p + h*s = -35. Suppose 0 = p*i - 4*c - 212, -204 = -2*i - 2*i - 4*c. What are the prime factors of i?
2, 13
Suppose 17*a - 144 = 9*a. Let s = a + -13. Suppose -5*g - s*r = -9*r - 754, -3*r + 447 = 3*g. List the prime factors of g.
2, 3, 5
Suppose 0 = -9*z - 10*z - 10203. Let w = 1008 + z. List the prime factors of w.
3, 157
Suppose 70*w - 955645 = -w + 261934. What are the prime factors of w?
11, 1559
What are the prime factors of (-12)/2 + 9 + (9 - (-7075 + -1))?
2, 443
List the prime factors of 4/34 - ((-9692649)/459 + 6).
3, 31, 227
Let o(v) = v**2 - 314. Let k be o(-16). Let m(r) = -8*r**3 + 2*r**2 + 2*r - 2. Let q be m(2). Let f = q - k. List the prime factors of f.
2
Let n(g) = -2*g - g**2 + 4*g + 2*g - 11 + 2*g**2. What are the prime factors of n(-17)?
2, 3, 5, 7
Let x be (-1144)/(-32) - ((-3)/4)/3. Suppose -x*u + 32*u + 2228 = 0. Suppose 0 = -4*j + u - 125. What are the prime factors of j?
2, 3
Let r be 44/16 + 2/8. Let o be (-1)/r - 10/(-30). Suppose 5*y - n = 63, 4*y - 48 = -o*n + 2*n. What are the prime factors of y?
13
Let v(h) = -121*h + 102. Let c(t) = 240*t - 203. Let z(y) = 6*c(y) + 11*v(y). List the prime factors of z(8).
2, 97
Let n(k) = -k**2 - 35*k - 9. Suppose -10*o - 73 - 87 = 0. List the prime factors of n(o).
5, 59
Let i(r) = 4316*r - 317. List the prime factors of i(2).
5, 1663
Let i be (-2)/12 - 3/(-18). Suppose -c + 43 = -3*q, -4*c + i*q + 5*q + 165 = 0. Suppose 4*n - c + 16 = 0. List the prime factors of n.
2, 3
Suppose -3*n - 4*r + 24230 = 0, -4*n + 11204 = 4*r - 21100. What are the prime factors of n?
2, 11, 367
Let b = 11238 - -13769. What are the prime factors of b?
17, 1471
Let i be 10394/8 - 3 - (-3)/(-12). Suppose -144*d = -147*d + i. List the prime factors of d.
2, 3
Suppose -9*n + 19871 = -21790. List the prime factors of n.
3, 1543
Let t(m) = 29*m**2 + 10*m + 55. Suppose 3*k + 4*b = k, 4*b - 8 = 0. List the prime factors of t(k).
479
Suppose 12*a = 2*i + 10*a - 34872, 3*i + a = 52296. List the prime factors of i.
3, 13, 149
Let g(u) = -3*u - 27. Let s be g(-10). What are the prime factors of 0/(s + (-20)/5) + 601?
601
Let u(y) = y**3 - 13*y**2 - 29*y + 15. Let i(p) = -3*p - 16. Let h be i(-7). Suppose 3*r - 3 = -c, -2*c + h*r - 10 = -4*c. List the prime factors of u(c).
2, 3, 5
Suppose -w + 7523 = 2*b + 837, -19*w = -21*w. List the prime factors of b.
3343
Suppose -d = -7*d + 180. Suppose 5*c + 5 = 0, d*s - 2*c - 950 = 27*s. What are the prime factors of s?
2, 79
List the prime factors of 3/((-99)/(-6)) - (-7)/(-231)*-395697.
3, 7, 571
Let k be ((-2)/7)/((-3)/(-21)). Let z be (1 + k)/(-4)*(-4 - -512). Let d = z + -23. What are the prime factors of d?
2, 13
Let q(o) = 4*o + 9. Let c be q(-30). Let p = c + 178. What are the prime factors of p?
67
Let b be (-49)/(-14)*(11 - 1). Suppose -b*r + 47232 = -3*r. What are the prime factors of r?
2, 3, 41
Let v = 3071 - 1615. Let y = v - 12. List the prime factors of y.
2, 19
Let c = -1264 + 2960. Suppose c = 44*j - 36*j. What are the prime factors of j?
2, 53
Suppose k + 10 = -z, 2*z - 11 + 35 = -3*k. Let t(p) = 2*p**2 + 3*p + 31. What are the prime factors of t(z)?
5, 17
Suppose 0*q + 5*q = 10, -3*z = -3*q - 9. Let h(v) = -18 + v**2 - 6 + 3*v + z*v - 6*v. What are the prime factors of h(9)?
3, 5
Suppose 4*g = 5*a - 63, -5*g + 30 = -a + 2*a. Suppose a*k - 9144 = 3*k. List the prime factors of k.
2, 3, 127
Let z(i) = 2*i**2 + 20*i - 16. Let r(h) = h + 5. Let d be r(-3). Suppose -m - t - 10 = 0, m + d*m + 24 = -5*t. What are the prime factors of z(m)?
2, 31
Suppose -4*y + 4*c - 8 = 12, -3*c + 15 = 4*y. Let w(l) = -12 - 11 + y*l + 3*l - 5. What are the prime factors of w(16)?
2, 5
Let x(i) = 5*i**3 + 21*i**2 - 20*i + 51. Let s(h) = -13*h**3 - 63*h**2 + 61*h - 151. Let p(y) = -3*s(y) - 8*x(y). List the prime factors of p(18).
3, 67
Let t be -2 - (-1 - (-2)/((-8)/12)). What are the prime factors of 0 + 72*5/t?
2, 3, 5
Let m(g) = 10*g + 78. Let j be m(-8). List the prime factors of 90/(-60) - 917/j.
457
Let a(f) = 362*f**2 + 18*f + 64. Let q be a(-5). Suppose -1437 = 9*d - q. What are the prime factors of d?
3, 281
Let y(i) = 11*i**2 - 77*i + 10. List the prime factors of y(8).
2, 7
Let q = -29299 + 41812. List the prime 